mmon divisor of o and 21?
21
Let r = 99 - 299. Let y = -180 - r. Calculate the highest common factor of y and 50.
10
Suppose -v - 3*v - 5*t + 61816 = 0, 3*t = -2*v + 30912. Calculate the greatest common divisor of v and 216.
108
Suppose -39*h - 17005 = -218*h. What is the greatest common divisor of 893 and h?
19
Suppose -3*f + 310 = u, -4*f + f = -3*u + 906. Suppose -7*h = -u - 18. Calculate the greatest common divisor of 2 and h.
2
Let v be (-235)/(-8) - (-333)/(-888). What is the greatest common divisor of v and 5191?
29
Suppose 203*m - 39*m - 17056 = 0. Calculate the greatest common factor of m and 124.
4
Suppose 13*t - 67*t = -5896 - 44. Calculate the highest common divisor of 1270 and t.
10
Let i be (0 + (-4)/(-1))*164. Let c = 931 - i. Calculate the highest common divisor of c and 50.
25
Let o(i) = -13*i**3 - 27*i**2 + 34*i - 22. Let v be o(-12). Calculate the highest common divisor of v and 86.
86
Let l = -72 - -110. Let f be (8/(-6))/(8/(-66)). Let s = l - f. Calculate the greatest common divisor of s and 108.
27
Suppose 0 = -65*n - 82*n + 25284. What is the highest common factor of 129 and n?
43
Let x = 3984 + -2097. What is the greatest common divisor of 102 and x?
51
Suppose 4*w - 216 = -4*s, -96 = -s + w - 46. Calculate the greatest common divisor of s and 2054.
26
Suppose 0 = 47*t - 62116 - 51671. What is the highest common divisor of t and 36?
9
Let g be (3/6)/((-2)/(-1224)). Let b(n) = n**3 - 145*n**2 - 131*n - 2172. Let q be b(146). What is the greatest common factor of q and g?
18
Let k(m) = m**2 - 9*m. Let p be k(10). Suppose p*u = 4*u + 66. What is the greatest common divisor of 44 and u?
11
Let s(u) = u**3 - 30*u**2 - 92*u - 96. Let i be s(33). What is the highest common divisor of 1470 and i?
15
Suppose 0 = 5*d - 9*d + d + 378. What is the highest common factor of d and 252?
126
Let g(r) = -14*r**3 + 88*r**2 - 30*r + 106. Let p be g(6). Suppose -3*v - 22 = -82. What is the greatest common divisor of v and p?
10
Suppose -z = -3*p + 2*p + 1, 5*p = 3*z + 7. Let n(f) = 5*f**2 + 4. Let h be n(p). Calculate the greatest common factor of 60 and h.
12
Let o = -10433 - -10444. What is the greatest common divisor of 14311 and o?
11
Suppose 3*s = 13 + 2. Let n be ((-164)/(-5))/(2*s/25). Let j = n + 18. Calculate the greatest common factor of j and 10.
10
Let w = -1073 + 1084. Let a = -416 - -219. Let z = -109 - a. What is the highest common factor of z and w?
11
Let a(m) = 170 - m**2 + 167 - 347 + 10*m. Let y(g) = -2*g - 10. Let n be y(-8). Let o be a(n). What is the greatest common factor of 42 and o?
14
Let v be 284/(-10) + 4/10. Let z = 59 + v. Let o = 3897 + -3680. Calculate the highest common divisor of o and z.
31
Suppose 2*p + 3*p = 5*x + 140, 5*p + 4*x = 158. Let t = -31450 - -31585. What is the highest common factor of p and t?
15
Let w = -90 - -185. Let v = 1055 - 1036. What is the greatest common factor of w and v?
19
Let g(j) = -j**2 - 23*j - 106. Let h(q) = 7*q + 79. Let r be h(-13). Let y be g(r). What is the highest common divisor of y and 299?
13
Suppose -54*r - 168 = -816. Calculate the greatest common factor of r and 237.
3
Suppose -u = -0*u - 272. Let j be (-90)/(-1) - (2 - (5 + -1 + -7)). Calculate the greatest common factor of u and j.
17
Let l = -19254 + 19310. What is the greatest common factor of l and 119?
7
Let t(a) = -3*a**3 - 7*a**2 + 44*a + 235. Let m be t(-5). What is the greatest common factor of m and 946?
43
Let k(n) = n**3 - 59*n**2 - 138*n - 246. Let g be k(63). Calculate the greatest common divisor of 24 and g.
24
Suppose -6633 = 55*j - 66*j. What is the greatest common factor of 670 and j?
67
Suppose -n + 652 = 2392. Let u be 2 + n/(-8) - 2/(-4). Calculate the highest common factor of u and 20.
20
Let v(q) = -40*q + 1672. Let g be v(37). Let o be 79/(-5) + (-13)/65. Let t = -4 - o. What is the highest common divisor of g and t?
12
Let y be (8/(-2))/(-10 + 408/40). Let t(w) = 9*w - 13. Let d(b) = b. Let a(i) = -3*d(i) - t(i). Let k be a(y). Calculate the greatest common factor of 23 and k.
23
Suppose 156 = 3*m + 270*d - 273*d, -150 = -3*m + 5*d. What is the greatest common divisor of m and 572?
11
Suppose 50 = 4*t + 118. Let y(i) = -25*i + 16. Let b be y(t). Calculate the highest common divisor of b and 49.
49
Suppose 3*b = -2*y + 41146, 2*y + 251*b = 255*b + 41160. What is the greatest common divisor of 32 and y?
32
Suppose 5*i = -0 - 5, -5*i = 3*j - 31. Suppose 61 = 3*t + 1. What is the greatest common divisor of t and j?
4
Suppose 45 = 2*v - 3*z, 72 = 4*z + 68. Calculate the greatest common factor of v and 180.
12
Let u = 1234 + -1226. Let c be 2/(-3)*(-108)/(-6). Let b(k) = k + 28. Let t be b(c). Calculate the greatest common factor of u and t.
8
Let l be (78/(-52))/(3/(-72)). What is the greatest common factor of 11052 and l?
36
Suppose g = 7*h - 3*h + 38, 3*h - 59 = -g. Let l be ((-75)/(-3))/(((-6)/(-15))/((-4)/(-5))). Calculate the highest common factor of g and l.
50
Let w = -388 + 392. Suppose -w*t + 27*z + 21 = 26*z, -3*z - 11 = t. Calculate the highest common divisor of 30 and t.
2
Suppose 2*q = 2*i + 40, 0 = -3*q + 4*q + 3*i. Suppose 0 = -4*z + 5*o + 124, -q + 57 = z - 4*o. Calculate the greatest common factor of 377 and z.
13
Suppose -2*x + 128 = 3*h + 117, -5*x + 3 = 4*h. Let l be 333/1*(h - 5 - 1). What is the greatest common divisor of l and 18?
9
Let z = 187 + -51. Suppose 5*u = z - 91. Let l = -211 - -310. What is the highest common divisor of l and u?
9
Suppose -199 = -2*l - 3*a + 419, 3*l - 4*a = 944. What is the greatest common factor of l and 168?
24
Let u(i) = 274*i + 5999. Let v be u(-21). What is the highest common factor of 20 and v?
5
Let d(s) = 33*s**3 - s**2 - 21*s - 28. Let z be d(4). What is the highest common divisor of z and 31?
31
Suppose -5*z + 483 = 303. What is the highest common factor of z and 768?
12
Suppose 0 = -w, -3*z + 4*w = z. Suppose z = -2*r + 36 - 8. Let u(o) = -12*o + 68. Let g be u(-13). What is the greatest common factor of r and g?
14
Let n(c) = -c**3 - 31*c**2 + 83*c + 29. Let k be n(-35). What is the highest common divisor of k and 1288?
184
Suppose 1329 = r + b, 2010*b = -4*r + 2011*b + 5296. What is the greatest common factor of 212 and r?
53
Suppose 0 = 2*w - 4*a + 4 - 48, w - 37 = -a. Calculate the highest common divisor of w and 77984.
32
Let p be (-4)/(-14) + (-972)/(-28). Let v = -30 + p. Suppose -w + 3*k = -10, -2*w - v = -4*k - 29. What is the greatest common divisor of 24 and w?
8
Let s(j) = -j**3 - 38*j**2 + 14*j - 8. Let z be s(-42). What is the highest common factor of z and 4?
4
Suppose -4*b - 5*l - 145 = -7*b, -l = b - 43. Let x = -47 + 52. What is the highest common factor of x and b?
5
Let y(p) = -10 - 13*p - 12*p - 15*p + 43*p - 13*p. Let w be y(-6). What is the greatest common factor of w and 175?
25
Suppose -l + 56 = -0*l. Let i(p) = p**2 + 10*p + 116. Let b(f) = -27*f - 66. Let k be b(-2). Let u be i(k). Calculate the highest common factor of l and u.
28
Let n(z) = -10*z - 120. Let d be n(-16). Suppose 4*y - 12 = 0, 5*k - d = k - 4*y. Calculate the greatest common factor of k and 77.
7
Let b = 1780 + -1689. What is the greatest common factor of b and 35?
7
Let u be (-9447)/(-188) - (-2)/(-8). Calculate the greatest common factor of 425 and u.
25
Let a(f) = f**2 + 6*f + 23. Let x be a(-6). Let z = 54 + x. What is the highest common divisor of 22 and z?
11
Suppose 3922*q = 3912*q + 15780. Calculate the greatest common factor of 6 and q.
6
Let i(t) = -78*t - 1971. Let f be i(-27). Calculate the greatest common factor of 70 and f.
5
Suppose 0 = q + 6 - 5, 3*u = -5*q + 10. Let i be (-30)/(-18)*48/1. Let r be (-14)/8*i/(-4). What is the greatest common factor of u and r?
5
Let s(a) = 1141*a - 3236. Let f be s(3). Let c(g) = 4*g**2 + g. Let u be c(4). What is the highest common factor of u and f?
17
Let t = -15486 + 16171. Calculate the highest common divisor of t and 1918.
137
Let b(h) = -29*h + 1402. Let t be b(26). What is the greatest common divisor of t and 3528?
72
Suppose 73*k - 70927 = 83538 + 72638. What is the highest common divisor of 357 and k?
51
Let q(x) = 12*x**2 - 3*x + 3. Let v be q(-3). Let g(z) = -z**2 - 279*z - 10160. Let m be g(-44). Calculate the greatest common divisor of v and m.
60
Let i be 160 + 3/(6/